 divided by f(9).
1
Let a = 26 + 30. Let i be (-1)/(-3 + 546/183). Suppose p + 17 = o - p, 0 = -3*o - 4*p + i. Calculate the remainder when a is divided by o.
18
Calculate the remainder when 19 is divided by (15/(-3))/((-5)/10).
9
Let s = -17 + 21. Suppose -3 = s*y - 5*y. What is the remainder when 3 is divided by y?
0
Suppose 0 = -4*t + t + 39. Let b = t + -8. Calculate the remainder when 14 is divided by b.
4
Let l(h) = 9*h**3 + h. Let z be l(1). Suppose z = w - 0*w. What is the remainder when 19 is divided by w?
9
Let n(q) = 10*q**2 + 3*q - 4. What is the remainder when n(3) is divided by 32?
31
Let n(q) = q**3 + 6*q**2 + 2. Calculate the remainder when 2 is divided by n(-6).
0
Let a(w) = w + 10. Let j be a(-10). Calculate the remainder when (j - (4 + -2)) + 11 is divided by 6.
3
Suppose 8*p - 3*p = 25. Suppose p*o + 9 = 6*o. Calculate the remainder when 35 is divided by o.
8
Let n(i) = -i + 1 + 19*i**3 + i + 3*i**2 + 2*i. Let u(j) = 6*j**3 + j**2 + j. Let r(g) = -2*n(g) + 7*u(g). What is the remainder when r(2) is divided by 14?
12
Let w = 22 - 13. Suppose 2*v = 5*p + 19, -v + 5*p + 17 = -0*v. Suppose g + w = v*g. Calculate the remainder when 26 is divided by g.
8
Let q(i) = 3*i + 4. Let r be 5*(1 - 4/10). Calculate the remainder when 36 is divided by q(r).
10
Let q(r) = -r**2 + 2. Let j(z) = z**2 - z - 1. Let v(m) = 6*j(m) + 7*q(m). Suppose 7 + 8 = 5*l. Calculate the remainder when v(-6) is divided by l.
2
Suppose -2*b = 3*m + 4, 0*b - 5*b = m - 16. Let i(v) = -4*v - 5. Calculate the remainder when 20 is divided by i(m).
9
Calculate the remainder when 6 - 9 - (-22 + -1) is divided by 11.
9
Suppose -u = -l - 2 - 3, -2*l + 5 = u. Suppose -15 = u*p - 75. Let f = 23 + -1. Calculate the remainder when f is divided by p.
10
Calculate the remainder when (2*-3)/(-2) - (-126 - 3) is divided by 27.
24
Let a(b) = -b**2 + 2. Let q be a(-2). Suppose -24*s - 25 = -29*s. Calculate the remainder when (85/(-25))/(q/10) is divided by s.
2
Let c = -20 + 28. Suppose 0 = -3*a + c*a - 130. Calculate the remainder when a is divided by 14.
12
Let l = -10 + 16. What is the remainder when 16 is divided by l?
4
Let o(s) = -2*s + 12. Suppose -59 - 161 = 5*l. Let x = l - -78. What is the remainder when x is divided by o(0)?
10
Suppose 3*s - 2*k - 3 = 1, -2*s - 12 = -5*k. Let f(j) = j - 2. What is the remainder when (-1)/(2/(-6)*1) is divided by f(s)?
1
Suppose 2*c = g - 33, 3*g + c = 2*c + 119. Suppose -g = -3*m + 4. Suppose -m = 3*d, 5*v - d - 26 = 29. What is the remainder when 18 is divided by v?
8
Let z = 2 + 0. Let g = 3 - z. What is the remainder when 1 is divided by g?
0
Let y = 52 - 24. Suppose 2*b + 4*w = 3*b - 30, 5 = -w. What is the remainder when y is divided by b?
8
Suppose 4*l - 2*l + u - 5 = 0, -4*l + 5*u = -45. Calculate the remainder when l is divided by 3 - (4 - 9/3).
1
Let f = 18 + -15. Calculate the remainder when 186/f*3/6 is divided by 11.
9
Let a = 43 - 15. What is the remainder when a is divided by 6?
4
Suppose 2*m + 5*m - 168 = 0. What is the remainder when m is divided by 9?
6
Suppose 4*v - 55 - 75 = -h, v + 3*h = 27. Let f(u) = -u**3 - 7*u**2 - 6*u + 9. Calculate the remainder when v is divided by f(-6).
6
Let m be 0/(-2) + 9/(-1). Suppose 0 = 3*z - 93 + 24. Calculate the remainder when z is divided by (2 + m)*12/(-7).
11
Suppose -s - 6 = t, 2*s = t + t. Let u = 34 - s. What is the remainder when u is divided by 13?
11
Let m = -96 - -108. Calculate the remainder when 23 is divided by m.
11
Let r = -1 - -2. Let t be (12/(-30))/(r/(-5)). Let d = t + 14. Calculate the remainder when 30 is divided by d.
14
Let t(j) = -j**2 - 5*j - 3. Let y be t(-3). Let o be (-2)/(-3) - 2/y. Suppose o = -s + 5. Calculate the remainder when 9 is divided by s.
4
Suppose 3*k - 11 - 16 = -5*g, 5*k - 23 = -g. Suppose 0 = -g*i + 47 + 67. Suppose 0*p + p = -4*h, 0 = -4*h - 20. What is the remainder when i is divided by p?
18
Suppose -5*o + 20 = -10*o. Let b = o + 13. What is the remainder when 17 is divided by b?
8
Let c be (-3)/2*8/(-6). Suppose -1 = c*q - 29. Suppose 4*v = -a - 0 + 24, -v + 25 = 5*a. Calculate the remainder when q is divided by v.
4
Let m be 14/1 - 3 - 1. Let d be 9/2*2*-1. Let f = m + d. Calculate the remainder when 2 is divided by f.
0
Suppose 65 = 2*p - 115. Suppose -6*w = -w - p. What is the remainder when 52 is divided by w?
16
Let n = 17 + -65. Let q = -29 - n. What is the remainder when q is divided by 10?
9
Let z(r) = -3*r - 1. Let l(a) = -13*a - 4. Suppose 2 = m - 2. Let s(c) = m*l(c) - 18*z(c). What is the remainder when s(4) is divided by 4?
2
Let s be -3*1*(0 + 1). Let u = s + 6. Suppose -2*b + 50 = c, 4*c + 0*b + u*b - 205 = 0. What is the remainder when c is divided by 18?
16
Let v(p) be the second derivative of p**4/12 - 3*p**2/2 - p. What is the remainder when 950/15 - 4/(-6) is divided by v(5)?
20
Let x = 18 - 15. Let b = x + 38. Suppose -17 = 4*u - 61. Calculate the remainder when b is divided by u.
8
Let c(b) = -b**2 - 15*b + 12. What is the remainder when c(-13) is divided by 6?
2
Let y(i) be the second derivative of -i**4/12 + 5*i**3/3 + 11*i**2/2 + 2*i. Let q(u) = 7*u. Calculate the remainder when q(3) is divided by y(10).
10
Let m be 1/((-1)/2) - -3. Let u(a) = 12*a**2 + 2*a**2 + 0*a**2 - m. What is the remainder when 37 is divided by u(-1)?
11
Calculate the remainder when 1 + (-1 - 0) + 25 is divided by (-18)/(5 + -3)*-1.
7
Let u(w) = w. Let k be u(3). Suppose -k*s - 3*r = -15, -2*s - 5*r + 25 = 2*s. Suppose 0 = -s*z - 3*z + 96. What is the remainder when z is divided by 11?
10
Suppose 6*i = 2*i - 3*o - 94, -114 = 5*i + 2*o. Let r = -12 - i. Let y(c) = -c**3 + 11*c**2 - 6*c - 8. What is the remainder when y(r) is divided by 17?
15
Suppose 5*d + 0*d = 0. Suppose 2*v + 26 = 3*v + 2*b, -b + 5 = d. Calculate the remainder when 46 is divided by v.
14
Let s = 11 - -2. Let r(h) = 36*h**2 - h + 2. Calculate the remainder when r(1) is divided by s.
11
Suppose 5*q = 3*u + 1310, u = 6*u. Calculate the remainder when q is divided by 22.
20
Let g(h) = -4*h + 0*h + 3*h - 4. Let w be g(-6). Suppose 5*u = -5*l + 70, -2*l - l = -u - w. Calculate the remainder when 28 is divided by u.
8
Suppose 2*z + y + 3*y - 14 = 0, 2*y - 2 = 0. Calculate the remainder when 22 is divided by z.
2
Suppose g = -3*g. Let c be ((-4)/(-6))/(2/12). Suppose 4*j - 18 = 5*v, g = v + v - c. Calculate the remainder when 12 is divided by j.
5
Suppose 3*i - 4*h = 16, 3*i = -2*i + 3*h + 12. Suppose 0 = d + 2 - i. Calculate the remainder when -15*(-2)/(-4)*d is divided by 8.
7
Let y(s) = 2*s**2 + 3*s. Let n = 1 - 1. Let q = -3 + n. What is the remainder when y(q) is divided by 5?
4
Let a = -9 + 7. Let u = a + 4. Suppose -u*z = h - 12, -5 = -3*h + 4*z + 21. Calculate the remainder when h is divided by 6.
4
Suppose 4*g - 15 = i, g - 3*i + 2*i = 3. Suppose -g*j + 11 - 43 = -2*f, 2*j + 72 = 5*f. What is the remainder when 40 is divided by f?
12
Let b(y) = 2*y**2 + 27*y - 7. What is the remainder when 25 is divided by b(-14)?
4
Suppose -5*s + 86 = 16. Let w be 5 + 1*(-4)/2. Suppose 0*j = -w*j + 120. What is the remainder when j is divided by s?
12
Let j be 6 + 0 + -2 + 1. Let v(x) = j - 6 + 5 - x + 7. Calculate the remainder when 21 is divided by v(0).
10
Let d be 2/6*15/1. Suppose -d*q + 8*q = -18. Let b = q + 20. Calculate the remainder when b is divided by 8.
6
Let i = -8 - -11. Let c(o) = 16*o + 2. Let y be c(3). Suppose 0*p - 210 = -5*n - 5*p, n = -i*p + y. What is the remainder when n is divided by 13?
12
Let u(g) = g + 21. Calculate the remainder when 276 is divided by u(10).
28
Suppose 3*y = -2 + 11. Suppose 0 = -2*i - 4*p - 14, -p = 2*i - 5*i - 35. What is the remainder when 21 is divided by i/(2 + 0 - y)?
10
Let x be 1/(-1)*(0 - 0). Let h(t) = -t**2 - t**2 + x*t**2 + 3*t**3 + t. Calculate the remainder when h(1) is divided by 1.
0
Suppose 4*j - 6*j + 22 = 2*z, -z = -j + 1. Let k(o) = -o**2 + 10*o - 10. Calculate the remainder when k(5) is divided by j.
3
Suppose 0*l = l - 5. Let h = 42 + -26. What is the remainder when -2 + (35 - (l + -3)) is divided by h?
15
Suppose -q - q + 30 = 4*t, -3*q = -3. Let b(i) = -3*i - 6. Let l be b(-7). Suppose 0 = 2*m + l - 55. Calculate the remainder when m is divided by t.
6
Let a = 11 + -7. Suppose -a*b + 3 + 29 = 0. Calculate the